*u(d). Suppose 4 = -2*o, 0*g - 2*o = 4*g - 16. Calculate i(g).
-11
Suppose f = -f + 2. Let h(p) = 4*p - p - 7*p + f. Suppose o = -0 + 2. Calculate h(o).
-7
Let g(s) = -2*s - 11. Let u be g(-8). Let p = -74 - -54. Let c be 11/(-4) + u/p. Let z(k) = -k - 1. Calculate z(c).
2
Let f(b) = 3*b - 17. Suppose m + 48 = -7*m. Let u(o) = 1. Let y(h) = -h + 9. Let s(d) = -3*u(d) + y(d). Let k(n) = m*f(n) - 17*s(n). Calculate k(-1).
1
Suppose 59 = 3*g - 19. Let u be (-299)/g*(3 - 1). Let a = u - -18. Let r(x) = x**3 + 6*x**2 + 6*x - 3. Give r(a).
-8
Let o = 26 - 33. Let b be (-1)/o + 72/(-14). Let d(t) = t**2 + 4*t - 2. Determine d(b).
3
Let y(i) = i**3 - 9*i**2 - 22*i + 6. Let c be y(11). Let t be 3/c*-2 - (-1 + 2). Let w(p) = p**3 + 2*p**2 - p - 2. Determine w(t).
0
Let y(r) = -4 + 8*r**2 - r**2 + r**3 + 12 + 7*r. Let h = -78 - -81. Suppose -4*j - 9 - 13 = b, b + h*j + 18 = 0. Determine y(b).
2
Let x = -1341 - -1341. Let q(l) = -l**3 - l**2 + l + 7. What is q(x)?
7
Let o(k) = -4*k - 1. Suppose -3*z - 6 = -2*d - 0, -12 = -4*d + 3*z. Let i be 3 - (-3 - d/(6/(-8))). Determine o(i).
-9
Let s(k) = 4*k**2 + 8*k + 6. Let g(c) = -17*c**2 - 34*c - 24. Let w(o) = 2*g(o) + 9*s(o). Give w(-4).
22
Let u(m) = m - 8. Let n(o) = -4*o + 18*o - 12*o - 16. Let l(b) = 6*n(b) - 13*u(b). Calculate l(4).
4
Suppose -5*n = m + 3, 2*m - 15 = -2*n - 5. Let j(k) = k**2 - 10*k + 13. Determine j(m).
-8
Suppose f - 5*f + 46 = 2*x, -3*f + 3 = 0. Let h = -17 + x. Let w(y) = -2*y**2 + 4*y + 1. What is w(h)?
-15
Let c(a) = -a + 8. Suppose 40 = 104*g - 96*g. Determine c(g).
3
Let c(n) be the second derivative of n**5/20 + 5*n**4/12 - 7*n**3/6 - 5*n**2/2 - 1783*n. Suppose 2*d + 18 = 6. What is c(d)?
1
Suppose 82 = -4*y - 50. Let c = y + 31. Let h(i) = 4*i + 1. Calculate h(c).
-7
Let c(y) = -y**2 - 9*y. Let b be -4 + (-11 - -1) - (2 - 4). What is c(b)?
-36
Let v(z) = 3*z + 8. Let n be v(0). Let f be n/(-2) - (-7 + 13 + -11). Let k(a) = a**2 - a. Give k(f).
0
Suppose 5*g = w + 15, -2*g - 3*w - w + 6 = 0. Suppose g*n - 58 + 40 = 0. Let y(z) = -4*z + 3. Give y(n).
-21
Let v(k) = k**3 + 4*k**2 + 6*k + 6. Let c = 1013 - 1017. Calculate v(c).
-18
Let o(t) = -t**2 + t + 6. Suppose -9*p = -8*p. Let d be (0*(-3)/9)/(-1 + p). What is o(d)?
6
Let c(x) = -1 - 4*x - 13*x + 16*x. What is c(-6)?
5
Let g(u) be the second derivative of -u**6/720 + u**5/8 - u**4 + 14*u. Let w(b) be the third derivative of g(b). Calculate w(7).
8
Let s(w) = w**2 + w + 15. Let v(a) be the first derivative of a**3/3 - 6*a**2 - 13*a - 40. Let d be v(13). Give s(d).
15
Let p(w) = 2*w**2. Suppose 3*a - a - 10 = 0. Suppose 1 = 4*j - a*j. Give p(j).
2
Suppose -26*f + 28*f + 1 = u, -2*f + 3*u - 11 = 0. Let t(h) = -h**3 + 3*h**2 - 2*h + 3. Give t(f).
3
Suppose 0 = -5*b + 10*b + 15. Let m be -3 - (-1)/(b/(-12)). Let z(c) = 8*c - 1. Give z(m).
7
Let z(a) = -6*a - 3. Let q be z(-2). Suppose 11 + 34 = q*l. Let j(m) = m**3 - 5*m**2 - m + 5. Calculate j(l).
0
Let x(j) = j**2 + j - 5. Suppose 18*w - 18 = 12*w. Let s be w + (-12)/2*12/9. Determine x(s).
15
Let w(p) = -5*p**2 + 19*p**2 + 15*p**3 - 6*p**2 - 9*p**2 + 1. Give w(-1).
-15
Let s(f) be the third derivative of -f**6/120 + f**5/10 + 4*f**3/3 + 3*f**2. Let a = -88 - -94. What is s(a)?
8
Let r(o) be the first derivative of -o**3/3 - 2*o**2 + 3*o + 71. What is r(-5)?
-2
Let o(c) be the first derivative of c**3/3 - 7*c**2/2 - 6*c - 44. Determine o(8).
2
Let l(c) = c. Let x(o) = -o**2 + o + 1. Let p(v) = -l(v) - x(v). Let k(a) = -a**3 + a**2 + 3. Let m(b) = -b**2 + 10*b. Let z be m(10). Let h be k(z). Give p(h).
2
Let s(f) = -7*f - 1. Let k(d) = d**3 + 12*d**2 + 19*d - 8. Let l be k(-10). Suppose -3*x = -3*t, -2*t - 2 = -5*x + l*t. Determine s(x).
-15
Let g = 29 + -30. Let c(k) = k**2 + k + 1. Let u(l) = 1. Let i(f) = g*u(f) + 2*c(f). Give i(-2).
5
Suppose -u - 51 = -4*i + 3*i, -3*u - 5*i - 153 = 0. Let h = 50 + u. Let o(a) = -4*a**3 + a**2 - a - 1. Calculate o(h).
5
Let k(v) = 34*v**2 - 14*v + 11. Let w(q) = -11*q**2 + 5*q - 4. Let l(y) = -3*k(y) - 8*w(y). Calculate l(1).
-13
Let l(u) = -2*u**3 + u**2 + u + 2. Let f(n) = 11*n + 42. Let z be f(-4). What is l(z)?
20
Let b(a) be the first derivative of -a**2 - 1072. Suppose 0 = -5*u - 4*m - 30, m + 2*m + 15 = 0. Calculate b(u).
4
Let c(i) = 7*i + 7. Let a(l) = -l + 31. Let k be a(26). Let x(u) = -4*u - 4. Let z(s) = k*x(s) + 3*c(s). Calculate z(0).
1
Let x(u) = 2*u**3 - 8*u**2 + 3*u - 1. Let a(i) = -i**3 + 7*i**2 - 2*i + 1. Let l(p) = 3*a(p) + 2*x(p). Let h be (70/(-49))/(12/(-14))*-3. Calculate l(h).
1
Let d(v) be the first derivative of -v**7/70 + v**6/360 + v**5/120 - v**3 - 6. Let a(o) be the third derivative of d(o). Determine a(-1).
12
Let v(j) be the third derivative of j**4/8 - 2*j**3 - 4*j**2. Let b be v(5). Let x(l) = -l**2 + 0*l**3 - 4*l**2 + 3 - l**b - 5*l. Calculate x(-4).
7
Suppose 20 - 35 = -l. Let g(k) = -k**2 + 15*k - 2. Give g(l).
-2
Let y(j) = 4 + 1 - 3 - 1. Let m(s) = -9 - 2*s + s + 15. Let c(t) = -m(t) - y(t). Calculate c(5).
-2
Suppose 0 = -4*q + 2*f - 380, -12*f + 394 = -4*q - 17*f. Let w = q + 91. Let n(h) = -h**2 - 5*h + 6. Determine n(w).
6
Let q(z) = -4*z**2 - 3*z + 4. Suppose 0 = -7*j + 24 + 18. Let h(t) = -9*t + 51. Let c be h(j). Determine q(c).
-23
Let n(v) = 9*v + 70. Let y be n(-7). Let t(g) = 4*g - 16. What is t(y)?
12
Let o(u) = -11*u + 46. Let c be o(4). Let w(p) = -2*p - 2. What is w(c)?
-6
Let k(f) = -29*f + 1. Suppose u = 9*q - 7*q - 5, 4*q - 7 = 5*u. Calculate k(u).
-28
Let w(g) = 2 + 3*g + 1 + g + g**2. Let n(d) = 10*d + 16 + 8*d + 2*d - 24*d. Let a be n(5). What is w(a)?
3
Let y(u) = u**2 - 4*u - 3. Let m be y(-2). Let v(o) = 1 - 12*o + 2*o + m*o. Let q(w) = w**3 + 15*w**2 + 14*w - 3. Let c be q(-14). Determine v(c).
4
Let q(i) = -2*i**3 + 3*i**2 - 2. Suppose 0 = -4*g - w + 57, 0 = -4*w - 0*w - 12. Suppose -7 = 4*j - 3*p, g = 4*p - p. What is q(j)?
-6
Let m(t) = t**2 + 7*t - 1. Let a(q) = -3*q**2 - 19*q + 3. Let s(n) = 4*a(n) + 11*m(n). Give s(-6).
-41
Let w(x) = -7*x**2 - 4*x + 16*x - 7 + 8*x**2 - 10*x**2 + 6*x**2. Calculate w(4).
-7
Let f(k) = -k**3 + 272*k - 4*k**2 - 139*k - 135*k - 3. Determine f(-4).
5
Let g(q) = -q**3 + 10*q**2 + 11*q + 3. Let b(j) = 2*j - 61. Let f be b(36). Calculate g(f).
3
Suppose -2*s - 18 = -26. Suppose s = 5*k - 6. Let y(d) = -d**3 + 4*d**2 - 3*d + 1. What is y(k)?
3
Let f(a) be the third derivative of a**4/24 + 5*a**3/3 + 36*a**2 - a. Determine f(-15).
-5
Let h(v) = v**2 - v - 5. Let o be h(0). Let q = o + 9. Let b(l) = -l**2 + 4*l + 4. What is b(q)?
4
Suppose 0 = -4*s - 5*g + 10*g - 11, 3*g - 11 = -2*s. Let u(d) = d + 2*d**2 - d**2 + 0*d**2 - 1 + d**3. Determine u(s).
2
Let w(p) = 3*p**3 + 8*p**2 + 3. Let m(y) = y**3 + y**2 + y. Let k(a) = -4*m(a) + w(a). Suppose -2 - 8 = 5*n, -2*n - 10 = -3*q. Calculate k(q).
3
Let w(q) = q + 5. Let p be (-50)/(-15) + (1 - 3/9). Suppose -3 = -m + 4*t, 4*t = -p*m - t - 30. Calculate w(m).
0
Let y(i) be the third derivative of 0*i + 1/12*i**4 + 0*i**3 + 6*i**2 + 1/60*i**5 + 0. What is y(-2)?
0
Let o(d) = d**2 + 4 + d - 10 + 2. Let i be o(-3). Let t(p) = -6*p + 7 - 2*p + p**3 - 5*p**i + 0*p. Give t(6).
-5
Let q be (-2 + (-130)/6)/(2/(-6)). Let f(z) = -q - 68 + 142 - 3*z. Calculate f(2).
-3
Let p(c) be the first derivative of 0*c + 1 + 4/3*c**3 + 0*c**2. Suppose -5*a = -a + 4. Give p(a).
4
Let u be ((-1)/(-2))/(1/4). Let g(k) be the first derivative of -3*k**2/2 - 1399. Give g(u).
-6
Let s = 51 - 91. Let b be (s/12)/(-5)*-12. Let v(f) = -f**2 - 9*f - 11. Calculate v(b).
-3
Let h(y) = 7*y + 2. Suppose 6*s + 7*s = 234. Suppose -3*o + 15 = -0*o. Suppose -v + 0*v = -4*f - 14, v = o*f + s. Give h(v).
-12
Let x(v) = -11*v - 5*v + 5 + 4 + 21*v. Let r(w) = -w - 1. Suppose -4*n = -p - 13, -n = 4*p - 0*p + 1. Let i(h) = p*x(h) - 4*r(h). Determine i(-6).
1
Let d = -5 - -5. Let c(t) = -7 + t + d + 2 - 13. Let q(k) = k**2 + 8*k - 180. Let j be q(10). Calculate c(j).
-18
Suppose -4*x = 3*z + x - 9, -2*x = 4*z - 26. Suppose k = -5*u - 10, -2 = -3*u + k - z. Let b(r) = -r**2 - 3*r - 1. Give b(u).
1
Let d be 54/24*-10*2/(-3). Let i = -22 + d. Let a(u) = -u**2 - 7*u + 2. Calculate a(i).
2
Let h(u) = -7*u - 4 + 2*u + 0 + 7 - 2. Determine h(2).
-9
Suppose -10 = -2*z + 6. Let g = -9 + z. Let m be 1/g + (5 - 3). Let a(r) = 7*r**2 - 2*r + 1. Give a(m).
6
Let